[INFO] fetching crate vru-noise 1.3.0...
[INFO] building vru-noise-1.3.0 against master#881c1ac408d93bb7adaa3a51dabab9266e82eee8 for issue-85264
[INFO] extracting crate vru-noise 1.3.0 into /workspace/builds/worker-3/source
[INFO] validating manifest of crates.io crate vru-noise 1.3.0 on toolchain 881c1ac408d93bb7adaa3a51dabab9266e82eee8
[INFO] running `Command { std: "/workspace/cargo-home/bin/cargo" "+881c1ac408d93bb7adaa3a51dabab9266e82eee8" "metadata" "--manifest-path" "Cargo.toml" "--no-deps", kill_on_drop: false }`
[INFO] started tweaking crates.io crate vru-noise 1.3.0
[INFO] finished tweaking crates.io crate vru-noise 1.3.0
[INFO] tweaked toml for crates.io crate vru-noise 1.3.0 written to /workspace/builds/worker-3/source/Cargo.toml
[INFO] running `Command { std: "/workspace/cargo-home/bin/cargo" "+881c1ac408d93bb7adaa3a51dabab9266e82eee8" "generate-lockfile" "--manifest-path" "Cargo.toml" "-Zno-index-update", kill_on_drop: false }`
[INFO] running `Command { std: "/workspace/cargo-home/bin/cargo" "+881c1ac408d93bb7adaa3a51dabab9266e82eee8" "fetch" "--manifest-path" "Cargo.toml", kill_on_drop: false }`
[INFO] [stderr]     Blocking waiting for file lock on package cache
[INFO] [stderr]  Downloading crates ...
[INFO] [stderr]   Downloaded aes v0.4.0
[INFO] [stderr]   Downloaded aes-gcm v0.6.0
[INFO] [stderr]   Downloaded hkdf v0.9.0
[INFO] [stderr]   Downloaded aesni v0.7.0
[INFO] [stderr]   Downloaded aes-soft v0.4.0
[INFO] [stderr]   Downloaded block-cipher v0.7.1
[INFO] [stderr]   Downloaded curve25519-dalek v3.1.0
[INFO] [stderr]   Downloaded secp256k1 v0.20.2
[INFO] [stderr]   Downloaded secp256k1-sys v0.4.0
[INFO] [stderr]   Downloaded rac v1.3.4
[INFO] running `Command { std: "docker" "create" "-v" "/var/lib/crater-agent-workspace/builds/worker-3/target:/opt/rustwide/target:rw,Z" "-v" "/var/lib/crater-agent-workspace/builds/worker-3/source:/opt/rustwide/workdir:ro,Z" "-v" "/var/lib/crater-agent-workspace/cargo-home:/opt/rustwide/cargo-home:ro,Z" "-v" "/var/lib/crater-agent-workspace/rustup-home:/opt/rustwide/rustup-home:ro,Z" "-e" "SOURCE_DIR=/opt/rustwide/workdir" "-e" "CARGO_TARGET_DIR=/opt/rustwide/target" "-e" "CARGO_HOME=/opt/rustwide/cargo-home" "-e" "RUSTUP_HOME=/opt/rustwide/rustup-home" "-w" "/opt/rustwide/workdir" "-m" "1610612736" "--user" "0:0" "--network" "none" "ghcr.io/rust-lang/crates-build-env/linux@sha256:20528e8c29e4536546f0102ce88568b16ea7538393a33fcca951030f7af10457" "/opt/rustwide/cargo-home/bin/cargo" "+881c1ac408d93bb7adaa3a51dabab9266e82eee8" "metadata" "--no-deps" "--format-version=1", kill_on_drop: false }`
[INFO] [stdout] 7bb2a0f47c3efa801ba5f2aac1d3e16b27b216716226e5c8b2d70118f2dbb451
[INFO] [stderr] WARNING: Your kernel does not support swap limit capabilities or the cgroup is not mounted. Memory limited without swap.
[INFO] running `Command { std: "docker" "start" "-a" "7bb2a0f47c3efa801ba5f2aac1d3e16b27b216716226e5c8b2d70118f2dbb451", kill_on_drop: false }`
[INFO] running `Command { std: "docker" "inspect" "7bb2a0f47c3efa801ba5f2aac1d3e16b27b216716226e5c8b2d70118f2dbb451", kill_on_drop: false }`
[INFO] running `Command { std: "docker" "rm" "-f" "7bb2a0f47c3efa801ba5f2aac1d3e16b27b216716226e5c8b2d70118f2dbb451", kill_on_drop: false }`
[INFO] [stdout] 7bb2a0f47c3efa801ba5f2aac1d3e16b27b216716226e5c8b2d70118f2dbb451
[INFO] running `Command { std: "docker" "create" "-v" "/var/lib/crater-agent-workspace/builds/worker-3/target:/opt/rustwide/target:rw,Z" "-v" "/var/lib/crater-agent-workspace/builds/worker-3/source:/opt/rustwide/workdir:ro,Z" "-v" "/var/lib/crater-agent-workspace/cargo-home:/opt/rustwide/cargo-home:ro,Z" "-v" "/var/lib/crater-agent-workspace/rustup-home:/opt/rustwide/rustup-home:ro,Z" "-e" "SOURCE_DIR=/opt/rustwide/workdir" "-e" "CARGO_TARGET_DIR=/opt/rustwide/target" "-e" "CARGO_INCREMENTAL=0" "-e" "RUST_BACKTRACE=full" "-e" "RUSTFLAGS=--cap-lints=forbid" "-e" "CARGO_HOME=/opt/rustwide/cargo-home" "-e" "RUSTUP_HOME=/opt/rustwide/rustup-home" "-w" "/opt/rustwide/workdir" "-m" "1610612736" "--user" "0:0" "--network" "none" "ghcr.io/rust-lang/crates-build-env/linux@sha256:20528e8c29e4536546f0102ce88568b16ea7538393a33fcca951030f7af10457" "/opt/rustwide/cargo-home/bin/cargo" "+881c1ac408d93bb7adaa3a51dabab9266e82eee8" "build" "--frozen" "--message-format=json", kill_on_drop: false }`
[INFO] [stdout] d43794331710e494445903be44dc77765bae19c77e7a1b9985db3530cb862d4d
[INFO] [stderr] WARNING: Your kernel does not support swap limit capabilities or the cgroup is not mounted. Memory limited without swap.
[INFO] running `Command { std: "docker" "start" "-a" "d43794331710e494445903be44dc77765bae19c77e7a1b9985db3530cb862d4d", kill_on_drop: false }`
[INFO] [stderr]     Blocking waiting for file lock on package cache
[INFO] [stderr]    Compiling proc-macro2 v1.0.27
[INFO] [stderr]    Compiling unicode-xid v0.2.2
[INFO] [stderr]    Compiling syn v1.0.72
[INFO] [stderr]    Compiling serde_derive v1.0.126
[INFO] [stderr]    Compiling version_check v0.9.3
[INFO] [stderr]    Compiling typenum v1.13.0
[INFO] [stderr]    Compiling serde v1.0.126
[INFO] [stderr]    Compiling byteorder v1.4.3
[INFO] [stderr]    Compiling hex v0.4.3
[INFO] [stderr]    Compiling generic-array v0.14.4
[INFO] [stderr]    Compiling quote v1.0.9
[INFO] [stderr]    Compiling crypto-mac v0.8.0
[INFO] [stderr]    Compiling digest v0.9.0
[INFO] [stderr]    Compiling aead v0.3.2
[INFO] [stderr]    Compiling hmac v0.8.1
[INFO] [stderr]    Compiling hkdf v0.9.0
[INFO] [stderr]    Compiling vru-noise v1.3.0 (/opt/rustwide/workdir)
[INFO] [stderr]     Finished dev [unoptimized + debuginfo] target(s) in 18.45s
[INFO] running `Command { std: "docker" "inspect" "d43794331710e494445903be44dc77765bae19c77e7a1b9985db3530cb862d4d", kill_on_drop: false }`
[INFO] running `Command { std: "docker" "rm" "-f" "d43794331710e494445903be44dc77765bae19c77e7a1b9985db3530cb862d4d", kill_on_drop: false }`
[INFO] [stdout] d43794331710e494445903be44dc77765bae19c77e7a1b9985db3530cb862d4d
[INFO] running `Command { std: "docker" "create" "-v" "/var/lib/crater-agent-workspace/builds/worker-3/target:/opt/rustwide/target:rw,Z" "-v" "/var/lib/crater-agent-workspace/builds/worker-3/source:/opt/rustwide/workdir:ro,Z" "-v" "/var/lib/crater-agent-workspace/cargo-home:/opt/rustwide/cargo-home:ro,Z" "-v" "/var/lib/crater-agent-workspace/rustup-home:/opt/rustwide/rustup-home:ro,Z" "-e" "SOURCE_DIR=/opt/rustwide/workdir" "-e" "CARGO_TARGET_DIR=/opt/rustwide/target" "-e" "CARGO_INCREMENTAL=0" "-e" "RUST_BACKTRACE=full" "-e" "RUSTFLAGS=--cap-lints=forbid" "-e" "CARGO_HOME=/opt/rustwide/cargo-home" "-e" "RUSTUP_HOME=/opt/rustwide/rustup-home" "-w" "/opt/rustwide/workdir" "-m" "1610612736" "--user" "0:0" "--network" "none" "ghcr.io/rust-lang/crates-build-env/linux@sha256:20528e8c29e4536546f0102ce88568b16ea7538393a33fcca951030f7af10457" "/opt/rustwide/cargo-home/bin/cargo" "+881c1ac408d93bb7adaa3a51dabab9266e82eee8" "test" "--frozen" "--no-run" "--message-format=json", kill_on_drop: false }`
[INFO] [stdout] 87dcf0d85b483a1b984001b2677c5e61ad59b5e33a8e697d9d5d9977864d3918
[INFO] [stderr] WARNING: Your kernel does not support swap limit capabilities or the cgroup is not mounted. Memory limited without swap.
[INFO] running `Command { std: "docker" "start" "-a" "87dcf0d85b483a1b984001b2677c5e61ad59b5e33a8e697d9d5d9977864d3918", kill_on_drop: false }`
[INFO] [stderr]    Compiling libc v0.2.95
[INFO] [stderr]    Compiling cc v1.0.68
[INFO] [stderr]    Compiling getrandom v0.1.16
[INFO] [stderr]    Compiling cfg-if v1.0.0
[INFO] [stderr]    Compiling opaque-debug v0.3.0
[INFO] [stderr]    Compiling ryu v1.0.5
[INFO] [stderr]    Compiling zeroize v1.3.0
[INFO] [stderr]    Compiling cpuid-bool v0.2.0
[INFO] [stderr]    Compiling opaque-debug v0.2.3
[INFO] [stderr]    Compiling serde_json v1.0.64
[INFO] [stderr]    Compiling itoa v0.4.7
[INFO] [stderr]    Compiling cpufeatures v0.1.4
[INFO] [stderr]    Compiling universal-hash v0.4.0
[INFO] [stderr]    Compiling block-cipher v0.7.1
[INFO] [stderr]    Compiling block-buffer v0.9.0
[INFO] [stderr]    Compiling aes-soft v0.4.0
[INFO] [stderr]    Compiling polyval v0.4.5
[INFO] [stderr]    Compiling sha2 v0.9.5
[INFO] [stderr]    Compiling aes v0.4.0
[INFO] [stderr]    Compiling ghash v0.3.1
[INFO] [stderr]    Compiling aes-gcm v0.6.0
[INFO] [stderr]    Compiling rand_core v0.5.1
[INFO] [stderr]    Compiling curve25519-dalek v3.1.0
[INFO] [stderr]    Compiling secp256k1-sys v0.4.0
[INFO] [stderr]    Compiling secp256k1 v0.20.2
[INFO] [stderr]    Compiling rac v1.3.4
[INFO] [stderr]    Compiling vru-noise v1.3.0 (/opt/rustwide/workdir)
[INFO] [stdout] error[E0412]: cannot find type `Vec` in this scope
[INFO] [stdout]   --> src/tests.rs:20:14
[INFO] [stdout]    |
[INFO] [stdout] 20 |     vectors: Vec<TestVector<'a>>,
[INFO] [stdout]    |              ^^^ not found in this scope
[INFO] [stdout]    |
[INFO] [stdout] help: consider importing one of these items
[INFO] [stdout]    |
[INFO] [stdout] 1  | use serde::__private::Vec;
[INFO] [stdout]    |
[INFO] [stdout] 1  | use std::vec::Vec;
[INFO] [stdout]    |
[INFO] [stdout] 
[INFO] [stdout] 
[INFO] [stdout] error[E0412]: cannot find type `Vec` in this scope
[INFO] [stdout]   --> src/tests.rs:31:11
[INFO] [stdout]    |
[INFO] [stdout] 31 |     psks: Vec<&'a str>,
[INFO] [stdout]    |           ^^^ not found in this scope
[INFO] [stdout]    |
[INFO] [stdout] help: consider importing one of these items
[INFO] [stdout]    |
[INFO] [stdout] 1  | use serde::__private::Vec;
[INFO] [stdout]    |
[INFO] [stdout] 1  | use std::vec::Vec;
[INFO] [stdout]    |
[INFO] [stdout] 
[INFO] [stdout] 
[INFO] [stdout] error[E0433]: failed to resolve: use of undeclared type `Vec`
[INFO] [stdout]    --> src/tests.rs:131:18
[INFO] [stdout]     |
[INFO] [stdout] 131 |     let mut ct = Vec::new();
[INFO] [stdout]     |                  ^^^ not found in this scope
[INFO] [stdout]     |
[INFO] [stdout] help: consider importing one of these items
[INFO] [stdout]     |
[INFO] [stdout] 1   | use serde::__private::Vec;
[INFO] [stdout]     |
[INFO] [stdout] 1   | use std::vec::Vec;
[INFO] [stdout]     |
[INFO] [stdout] 
[INFO] [stdout] 
[INFO] [stdout] error[E0433]: failed to resolve: use of undeclared type `Vec`
[INFO] [stdout]    --> src/tests.rs:137:18
[INFO] [stdout]     |
[INFO] [stdout] 137 |     let mut ct = Vec::new();
[INFO] [stdout]     |                  ^^^ not found in this scope
[INFO] [stdout]     |
[INFO] [stdout] help: consider importing one of these items
[INFO] [stdout]     |
[INFO] [stdout] 1   | use serde::__private::Vec;
[INFO] [stdout]     |
[INFO] [stdout] 1   | use std::vec::Vec;
[INFO] [stdout]     |
[INFO] [stdout] 
[INFO] [stdout] 
[INFO] [stdout] error[E0433]: failed to resolve: use of undeclared type `Vec`
[INFO] [stdout]    --> src/tests.rs:143:18
[INFO] [stdout]     |
[INFO] [stdout] 143 |     let mut ct = Vec::new();
[INFO] [stdout]     |                  ^^^ not found in this scope
[INFO] [stdout]     |
[INFO] [stdout] help: consider importing one of these items
[INFO] [stdout]     |
[INFO] [stdout] 1   | use serde::__private::Vec;
[INFO] [stdout]     |
[INFO] [stdout] 1   | use std::vec::Vec;
[INFO] [stdout]     |
[INFO] [stdout] 
[INFO] [stdout] 
[INFO] [stdout] error[E0392]: parameter `'a` is never used
[INFO] [stdout]   --> src/tests.rs:18:22
[INFO] [stdout]    |
[INFO] [stdout] 18 | pub struct Cacophony<'a> {
[INFO] [stdout]    |                      ^^ unused parameter
[INFO] [stdout]    |
[INFO] [stdout]    = help: consider removing `'a`, referring to it in a field, or using a marker such as `PhantomData`
[INFO] [stdout] 
[INFO] [stdout] 
[INFO] [stdout] error: aborting due to 6 previous errors
[INFO] [stdout] 
[INFO] [stdout] 
[INFO] [stdout] Some errors have detailed explanations: E0392, E0412, E0433.
[INFO] [stdout] 
[INFO] [stdout] For more information about an error, try `rustc --explain E0392`.
[INFO] [stdout] 
[INFO] [stderr] error: could not compile `vru-noise`
[INFO] [stderr] 
[INFO] [stderr] To learn more, run the command again with --verbose.
[INFO] running `Command { std: "docker" "inspect" "87dcf0d85b483a1b984001b2677c5e61ad59b5e33a8e697d9d5d9977864d3918", kill_on_drop: false }`
[INFO] running `Command { std: "docker" "rm" "-f" "87dcf0d85b483a1b984001b2677c5e61ad59b5e33a8e697d9d5d9977864d3918", kill_on_drop: false }`
[INFO] [stdout] 87dcf0d85b483a1b984001b2677c5e61ad59b5e33a8e697d9d5d9977864d3918
